{"id":4789,"date":"2022-09-15T09:09:14","date_gmt":"2022-09-15T07:09:14","guid":{"rendered":"https:\/\/santadorotea.es\/proyectovn\/faq-items\/quan-reposem-el-genere\/"},"modified":"2022-09-15T09:09:14","modified_gmt":"2022-09-15T09:09:14","slug":"quan-reposem-el-genere","status":"publish","type":"avada_faq","link":"https:\/\/verdnatura.es\/ca\/faq-items\/quan-reposem-el-genere\/","title":{"rendered":"Quan reposem el g\u00e8nere?"},"content":{"rendered":"<p>Rebem g\u00e8nere di\u00e0riament procedent de diferents parts del m\u00f3n i per diferents mitjans: subhasta holandesa, directe de productor, etc.<\/p>\n","protected":false},"excerpt":{"rendered":"<p>Rebem g\u00e8nere di\u00e0riament procedent de diferents parts del m\u00f3n i per diferents mitjans: subhasta holandesa, directe de productor, etc.<\/p>\n","protected":false},"author":3,"featured_media":0,"menu_order":0,"comment_status":"open","ping_status":"closed","template":"","format":"standard","meta":{"_acf_changed":false,"footnotes":""},"faq_category":[145],"class_list":["post-4789","avada_faq","type-avada_faq","status-publish","format-standard","hentry","faq_category-producte"],"acf":[],"yoast_head":"<!-- This site is optimized with the Yoast SEO plugin v27.1.1 - https:\/\/yoast.com\/product\/yoast-seo-wordpress\/ -->\n<title>Quan reposem el g\u00e8nere? - Verdnatura<\/title>\n<meta name=\"description\" content=\"Rebem g\u00e8nere di\u00e0riament procedent de diferents parts del m\u00f3n i per diferents mitjans: subhasta holandesa, directe de productor, etc.\" \/>\n<meta name=\"robots\" content=\"index, follow, max-snippet:-1, max-image-preview:large, max-video-preview:-1\" \/>\n<link rel=\"canonical\" href=\"https:\/\/verdnatura.es\/ca\/faq-items\/quan-reposem-el-genere\/\" \/>\n<meta property=\"og:locale\" content=\"ca_ES\" \/>\n<meta property=\"og:type\" content=\"article\" \/>\n<meta property=\"og:title\" content=\"Quan reposem el g\u00e8nere? - Verdnatura\" \/>\n<meta property=\"og:description\" content=\"Rebem g\u00e8nere di\u00e0riament procedent de diferents parts del m\u00f3n i per diferents mitjans: subhasta holandesa, directe de productor, etc.\" \/>\n<meta property=\"og:url\" content=\"https:\/\/verdnatura.es\/ca\/faq-items\/quan-reposem-el-genere\/\" \/>\n<meta property=\"og:site_name\" content=\"Verdnatura\" \/>\n<meta property=\"article:publisher\" content=\"http:\/\/www.facebook.com\/verdnatura\" \/>\n<meta property=\"article:modified_time\" content=\"2022-09-15T09:09:14+00:00\" \/>\n<meta name=\"twitter:card\" content=\"summary_large_image\" \/>\n<script type=\"application\/ld+json\" class=\"yoast-schema-graph\">{\"@context\":\"https:\/\/schema.org\",\"@graph\":[{\"@type\":\"WebPage\",\"@id\":\"https:\/\/verdnatura.es\/ca\/faq-items\/quan-reposem-el-genere\/\",\"url\":\"https:\/\/verdnatura.es\/ca\/faq-items\/quan-reposem-el-genere\/\",\"name\":\"Quan reposem el g\u00e8nere? - Verdnatura\",\"isPartOf\":{\"@id\":\"https:\/\/verdnatura.es\/ca\/#website\"},\"datePublished\":\"2022-09-15T07:09:14+00:00\",\"dateModified\":\"2022-09-15T09:09:14+00:00\",\"description\":\"Rebem g\u00e8nere di\u00e0riament procedent de diferents parts del m\u00f3n i per diferents mitjans: subhasta holandesa, directe de productor, etc.\",\"breadcrumb\":{\"@id\":\"https:\/\/verdnatura.es\/ca\/faq-items\/quan-reposem-el-genere\/#breadcrumb\"},\"inLanguage\":\"ca\",\"potentialAction\":[{\"@type\":\"ReadAction\",\"target\":[\"https:\/\/verdnatura.es\/ca\/faq-items\/quan-reposem-el-genere\/\"]}]},{\"@type\":\"BreadcrumbList\",\"@id\":\"https:\/\/verdnatura.es\/ca\/faq-items\/quan-reposem-el-genere\/#breadcrumb\",\"itemListElement\":[{\"@type\":\"ListItem\",\"position\":1,\"name\":\"Portada\",\"item\":\"https:\/\/verdnatura.es\/ca\/\"},{\"@type\":\"ListItem\",\"position\":2,\"name\":\"FAQs\",\"item\":\"https:\/\/verdnatura.es\/ca\/faq-items\/\"},{\"@type\":\"ListItem\",\"position\":3,\"name\":\"Quan reposem el g\u00e8nere?\"}]},{\"@type\":\"WebSite\",\"@id\":\"https:\/\/verdnatura.es\/ca\/#website\",\"url\":\"https:\/\/verdnatura.es\/ca\/\",\"name\":\"Verdnatura\",\"description\":\"Mayorista de flores y plantas\",\"publisher\":{\"@id\":\"https:\/\/verdnatura.es\/ca\/#organization\"},\"potentialAction\":[{\"@type\":\"SearchAction\",\"target\":{\"@type\":\"EntryPoint\",\"urlTemplate\":\"https:\/\/verdnatura.es\/ca\/?s={search_term_string}\"},\"query-input\":{\"@type\":\"PropertyValueSpecification\",\"valueRequired\":true,\"valueName\":\"search_term_string\"}}],\"inLanguage\":\"ca\"},{\"@type\":\"Organization\",\"@id\":\"https:\/\/verdnatura.es\/ca\/#organization\",\"name\":\"Verdnatura Levante SL\",\"url\":\"https:\/\/verdnatura.es\/ca\/\",\"logo\":{\"@type\":\"ImageObject\",\"inLanguage\":\"ca\",\"@id\":\"https:\/\/verdnatura.es\/ca\/#\/schema\/logo\/image\/\",\"url\":\"https:\/\/verdnatura.es\/wp-content\/uploads\/2023\/12\/Marca-sin-fondo.png\",\"contentUrl\":\"https:\/\/verdnatura.es\/wp-content\/uploads\/2023\/12\/Marca-sin-fondo.png\",\"width\":1000,\"height\":630,\"caption\":\"Verdnatura Levante SL\"},\"image\":{\"@id\":\"https:\/\/verdnatura.es\/ca\/#\/schema\/logo\/image\/\"},\"sameAs\":[\"http:\/\/www.facebook.com\/verdnatura\",\"https:\/\/www.instagram.com\/verdnatura\",\"https:\/\/www.linkedin.com\/company\/verdnatura\"]}]}<\/script>\n<!-- \/ Yoast SEO plugin. -->","yoast_head_json":{"title":"Quan reposem el g\u00e8nere? - Verdnatura","description":"Rebem g\u00e8nere di\u00e0riament procedent de diferents parts del m\u00f3n i per diferents mitjans: subhasta holandesa, directe de productor, etc.","robots":{"index":"index","follow":"follow","max-snippet":"max-snippet:-1","max-image-preview":"max-image-preview:large","max-video-preview":"max-video-preview:-1"},"canonical":"https:\/\/verdnatura.es\/ca\/faq-items\/quan-reposem-el-genere\/","og_locale":"ca_ES","og_type":"article","og_title":"Quan reposem el g\u00e8nere? - Verdnatura","og_description":"Rebem g\u00e8nere di\u00e0riament procedent de diferents parts del m\u00f3n i per diferents mitjans: subhasta holandesa, directe de productor, etc.","og_url":"https:\/\/verdnatura.es\/ca\/faq-items\/quan-reposem-el-genere\/","og_site_name":"Verdnatura","article_publisher":"http:\/\/www.facebook.com\/verdnatura","article_modified_time":"2022-09-15T09:09:14+00:00","twitter_card":"summary_large_image","schema":{"@context":"https:\/\/schema.org","@graph":[{"@type":"WebPage","@id":"https:\/\/verdnatura.es\/ca\/faq-items\/quan-reposem-el-genere\/","url":"https:\/\/verdnatura.es\/ca\/faq-items\/quan-reposem-el-genere\/","name":"Quan reposem el g\u00e8nere? - Verdnatura","isPartOf":{"@id":"https:\/\/verdnatura.es\/ca\/#website"},"datePublished":"2022-09-15T07:09:14+00:00","dateModified":"2022-09-15T09:09:14+00:00","description":"Rebem g\u00e8nere di\u00e0riament procedent de diferents parts del m\u00f3n i per diferents mitjans: subhasta holandesa, directe de productor, etc.","breadcrumb":{"@id":"https:\/\/verdnatura.es\/ca\/faq-items\/quan-reposem-el-genere\/#breadcrumb"},"inLanguage":"ca","potentialAction":[{"@type":"ReadAction","target":["https:\/\/verdnatura.es\/ca\/faq-items\/quan-reposem-el-genere\/"]}]},{"@type":"BreadcrumbList","@id":"https:\/\/verdnatura.es\/ca\/faq-items\/quan-reposem-el-genere\/#breadcrumb","itemListElement":[{"@type":"ListItem","position":1,"name":"Portada","item":"https:\/\/verdnatura.es\/ca\/"},{"@type":"ListItem","position":2,"name":"FAQs","item":"https:\/\/verdnatura.es\/ca\/faq-items\/"},{"@type":"ListItem","position":3,"name":"Quan reposem el g\u00e8nere?"}]},{"@type":"WebSite","@id":"https:\/\/verdnatura.es\/ca\/#website","url":"https:\/\/verdnatura.es\/ca\/","name":"Verdnatura","description":"Mayorista de flores y plantas","publisher":{"@id":"https:\/\/verdnatura.es\/ca\/#organization"},"potentialAction":[{"@type":"SearchAction","target":{"@type":"EntryPoint","urlTemplate":"https:\/\/verdnatura.es\/ca\/?s={search_term_string}"},"query-input":{"@type":"PropertyValueSpecification","valueRequired":true,"valueName":"search_term_string"}}],"inLanguage":"ca"},{"@type":"Organization","@id":"https:\/\/verdnatura.es\/ca\/#organization","name":"Verdnatura Levante SL","url":"https:\/\/verdnatura.es\/ca\/","logo":{"@type":"ImageObject","inLanguage":"ca","@id":"https:\/\/verdnatura.es\/ca\/#\/schema\/logo\/image\/","url":"https:\/\/verdnatura.es\/wp-content\/uploads\/2023\/12\/Marca-sin-fondo.png","contentUrl":"https:\/\/verdnatura.es\/wp-content\/uploads\/2023\/12\/Marca-sin-fondo.png","width":1000,"height":630,"caption":"Verdnatura Levante SL"},"image":{"@id":"https:\/\/verdnatura.es\/ca\/#\/schema\/logo\/image\/"},"sameAs":["http:\/\/www.facebook.com\/verdnatura","https:\/\/www.instagram.com\/verdnatura","https:\/\/www.linkedin.com\/company\/verdnatura"]}]}},"_links":{"self":[{"href":"https:\/\/verdnatura.es\/ca\/wp-json\/wp\/v2\/avada_faq\/4789","targetHints":{"allow":["GET"]}}],"collection":[{"href":"https:\/\/verdnatura.es\/ca\/wp-json\/wp\/v2\/avada_faq"}],"about":[{"href":"https:\/\/verdnatura.es\/ca\/wp-json\/wp\/v2\/types\/avada_faq"}],"author":[{"embeddable":true,"href":"https:\/\/verdnatura.es\/ca\/wp-json\/wp\/v2\/users\/3"}],"replies":[{"embeddable":true,"href":"https:\/\/verdnatura.es\/ca\/wp-json\/wp\/v2\/comments?post=4789"}],"version-history":[{"count":0,"href":"https:\/\/verdnatura.es\/ca\/wp-json\/wp\/v2\/avada_faq\/4789\/revisions"}],"wp:attachment":[{"href":"https:\/\/verdnatura.es\/ca\/wp-json\/wp\/v2\/media?parent=4789"}],"wp:term":[{"taxonomy":"faq_category","embeddable":true,"href":"https:\/\/verdnatura.es\/ca\/wp-json\/wp\/v2\/faq_category?post=4789"}],"curies":[{"name":"wp","href":"https:\/\/api.w.org\/{rel}","templated":true}]}}

Quan reposem el gènere?

<p>Rebem gènere diàriament procedent de diferents parts del món i per diferents mitjans: subhasta holandesa, directe de productor, etc.</p>

<!-- This site is optimized with the Yoast SEO plugin v27.1.1 - https://yoast.com/product/yoast-seo-wordpress/ -->
<title>Quan reposem el gènere? - Verdnatura</title>
<meta name="description" content="Rebem gènere diàriament procedent de diferents parts del món i per diferents mitjans: subhasta holandesa, directe de productor, etc." />
<meta name="robots" content="index, follow, max-snippet:-1, max-image-preview:large, max-video-preview:-1" />
<link rel="canonical" href="https://verdnatura.es/ca/faq-items/quan-reposem-el-genere/" />
<meta property="og:locale" content="ca_ES" />
<meta property="og:type" content="article" />
<meta property="og:title" content="Quan reposem el gènere? - Verdnatura" />
<meta property="og:description" content="Rebem gènere diàriament procedent de diferents parts del món i per diferents mitjans: subhasta holandesa, directe de productor, etc." />
<meta property="og:url" content="https://verdnatura.es/ca/faq-items/quan-reposem-el-genere/" />
<meta property="og:site_name" content="Verdnatura" />
<meta property="article:publisher" content="http://www.facebook.com/verdnatura" />
<meta property="article:modified_time" content="2022-09-15T09:09:14+00:00" />
<meta name="twitter:card" content="summary_large_image" />
<script type="application/ld+json" class="yoast-schema-graph">{"@context":"https://schema.org","@graph":[{"@type":"WebPage","@id":"https://verdnatura.es/ca/faq-items/quan-reposem-el-genere/","url":"https://verdnatura.es/ca/faq-items/quan-reposem-el-genere/","name":"Quan reposem el gènere? - Verdnatura","isPartOf":{"@id":"https://verdnatura.es/ca/#website"},"datePublished":"2022-09-15T07:09:14+00:00","dateModified":"2022-09-15T09:09:14+00:00","description":"Rebem gènere diàriament procedent de diferents parts del món i per diferents mitjans: subhasta holandesa, directe de productor, etc.","breadcrumb":{"@id":"https://verdnatura.es/ca/faq-items/quan-reposem-el-genere/#breadcrumb"},"inLanguage":"ca","potentialAction":[{"@type":"ReadAction","target":["https://verdnatura.es/ca/faq-items/quan-reposem-el-genere/"]}]},{"@type":"BreadcrumbList","@id":"https://verdnatura.es/ca/faq-items/quan-reposem-el-genere/#breadcrumb","itemListElement":[{"@type":"ListItem","position":1,"name":"Portada","item":"https://verdnatura.es/ca/"},{"@type":"ListItem","position":2,"name":"FAQs","item":"https://verdnatura.es/ca/faq-items/"},{"@type":"ListItem","position":3,"name":"Quan reposem el gènere?"}]},{"@type":"WebSite","@id":"https://verdnatura.es/ca/#website","url":"https://verdnatura.es/ca/","name":"Verdnatura","description":"Mayorista de flores y plantas","publisher":{"@id":"https://verdnatura.es/ca/#organization"},"potentialAction":[{"@type":"SearchAction","target":{"@type":"EntryPoint","urlTemplate":"https://verdnatura.es/ca/?s={search_term_string}"},"query-input":{"@type":"PropertyValueSpecification","valueRequired":true,"valueName":"search_term_string"}}],"inLanguage":"ca"},{"@type":"Organization","@id":"https://verdnatura.es/ca/#organization","name":"Verdnatura Levante SL","url":"https://verdnatura.es/ca/","logo":{"@type":"ImageObject","inLanguage":"ca","@id":"https://verdnatura.es/ca/#/schema/logo/image/","url":"https://verdnatura.es/wp-content/uploads/2023/12/Marca-sin-fondo.png","contentUrl":"https://verdnatura.es/wp-content/uploads/2023/12/Marca-sin-fondo.png","width":1000,"height":630,"caption":"Verdnatura Levante SL"},"image":{"@id":"https://verdnatura.es/ca/#/schema/logo/image/"},"sameAs":["http://www.facebook.com/verdnatura","https://www.instagram.com/verdnatura","https://www.linkedin.com/company/verdnatura"]}]}</script>
<!-- / Yoast SEO plugin. -->

Quan reposem el gènere? - Verdnatura

Rebem gènere diàriament procedent de diferents parts del món i per diferents mitjans: subhasta holandesa, directe de productor, etc.
